{"id":46,"date":"2023-07-19T12:21:23","date_gmt":"2023-07-19T15:21:23","guid":{"rendered":"https:\/\/portfolio.cybertronicsolutions.com\/?page_id=46"},"modified":"2023-07-19T12:23:51","modified_gmt":"2023-07-19T15:23:51","slug":"about-me","status":"publish","type":"page","link":"https:\/\/portfolio.cybertronicsolutions.com\/index.php\/about-me\/","title":{"rendered":"About Me"},"content":{"rendered":"\n<figure class=\"wp-block-pullquote\"><blockquote><p>Como fundador y l\u00edder de mi propia empresa, tuve un<br>papel fundamental en la direcci\u00f3n estrat\u00e9gica y la<br>gesti\u00f3n de equipos de TI. Adem\u00e1s de establecer la<br>visi\u00f3n y los objetivos de la empresa, lider\u00e9 la<br>implementaci\u00f3n y administraci\u00f3n de redes de alto<br>rendimiento, incluyendo tecnolog\u00eda de fibra \u00f3ptica,<br>switches Cisco, equipos Ubiquiti y radios MIMO.<br>Como parte de mis responsabilidades diarias, realic\u00e9 la<br>configuraci\u00f3n y optimizaci\u00f3n de redes inal\u00e1mbricas,<br>gestionando puntos de acceso, controladores y<br>frecuencias. Tambi\u00e9n fui responsable de la<br>administraci\u00f3n de servidores Windows Server,<br>incluyendo la gesti\u00f3n de Active Directory, pol\u00edticas de<br>grupo (Group Policy) e implementaci\u00f3n de<br>actualizaciones.<br>En cuanto a la seguridad de TI, implement\u00e9 soluciones<br>integrales como firewalls de pr\u00f3xima generaci\u00f3n,<br>detecci\u00f3n y prevenci\u00f3n de intrusiones (IDS\/IPS) y<br>sistemas de protecci\u00f3n avanzada contra amenazas.<br>Adem\u00e1s, lider\u00e9 proyectos de virtualizaci\u00f3n utilizando<br>tecnolog\u00edas como VMware y Hyper-V, as\u00ed como el<br>almacenamiento de datos en la nube, configurando<br>servicios de respaldo, recuperaci\u00f3n y migraci\u00f3n hacia<br>plataformas como AWS y Azure.<br>Tambi\u00e9n particip\u00e9 en el desarrollo de p\u00e1ginas web,<br>utilizando HTML, CSS y JavaScript, para crear<br>interfaces funcionales y atractivas.<\/p><\/blockquote><\/figure>\n","protected":false},"excerpt":{"rendered":"<p>Como fundador y l\u00edder de mi propia empresa, tuve unpapel fundamental en la direcci\u00f3n estrat\u00e9gica y lagesti\u00f3n de equipos de TI. Adem\u00e1s de establecer lavisi\u00f3n y los objetivos de la empresa, lider\u00e9 laimplementaci\u00f3n y administraci\u00f3n de redes de altorendimiento, incluyendo tecnolog\u00eda de fibra \u00f3ptica,switches Cisco, equipos Ubiquiti y radios MIMO.Como parte de mis responsabilidades diarias,<\/p>\n<div class=\"more-link\">\n\t\t\t\t <a href=\"https:\/\/portfolio.cybertronicsolutions.com\/index.php\/about-me\/\" class=\"link-btn theme-btn\"><span>Read More <\/span> <i class=\"fa fa-caret-right\"><\/i><\/a>\n\t\t\t<\/div>\n","protected":false},"author":1,"featured_media":0,"parent":0,"menu_order":2,"comment_status":"closed","ping_status":"closed","template":"","meta":[],"aioseo_notices":[],"_links":{"self":[{"href":"https:\/\/portfolio.cybertronicsolutions.com\/index.php\/wp-json\/wp\/v2\/pages\/46"}],"collection":[{"href":"https:\/\/portfolio.cybertronicsolutions.com\/index.php\/wp-json\/wp\/v2\/pages"}],"about":[{"href":"https:\/\/portfolio.cybertronicsolutions.com\/index.php\/wp-json\/wp\/v2\/types\/page"}],"author":[{"embeddable":true,"href":"https:\/\/portfolio.cybertronicsolutions.com\/index.php\/wp-json\/wp\/v2\/users\/1"}],"replies":[{"embeddable":true,"href":"https:\/\/portfolio.cybertronicsolutions.com\/index.php\/wp-json\/wp\/v2\/comments?post=46"}],"version-history":[{"count":1,"href":"https:\/\/portfolio.cybertronicsolutions.com\/index.php\/wp-json\/wp\/v2\/pages\/46\/revisions"}],"predecessor-version":[{"id":47,"href":"https:\/\/portfolio.cybertronicsolutions.com\/index.php\/wp-json\/wp\/v2\/pages\/46\/revisions\/47"}],"wp:attachment":[{"href":"https:\/\/portfolio.cybertronicsolutions.com\/index.php\/wp-json\/wp\/v2\/media?parent=46"}],"curies":[{"name":"wp","href":"https:\/\/api.w.org\/{rel}","templated":true}]}}